{"id":3221,"date":"2021-11-09T13:59:44","date_gmt":"2021-11-09T10:59:44","guid":{"rendered":"http:\/\/www.erbulus.com\/?post_type=product&#038;p=3221"},"modified":"2023-06-06T01:51:45","modified_gmt":"2023-06-05T22:51:45","slug":"erbulus-blue-evil-eye","status":"publish","type":"product","link":"https:\/\/www.erbulus.com\/?product=erbulus-blue-evil-eye","title":{"rendered":"Erbulus Blue Evil Eye Bead (All Sizes) in a Box"},"content":{"rendered":"\t\t<div data-elementor-type=\"wp-post\" data-elementor-id=\"3221\" class=\"elementor elementor-3221\">\n\t\t\t\t\t\t<section class=\"elementor-section elementor-top-section elementor-element elementor-element-2b246eb elementor-section-boxed elementor-section-height-default elementor-section-height-default\" data-id=\"2b246eb\" data-element_type=\"section\">\n\t\t\t\t\t\t<div class=\"elementor-container elementor-column-gap-default\">\n\t\t\t\t\t<div class=\"elementor-column elementor-col-100 elementor-top-column elementor-element elementor-element-a23bda4\" data-id=\"a23bda4\" data-element_type=\"column\">\n\t\t\t<div class=\"elementor-widget-wrap elementor-element-populated\">\n\t\t\t\t\t\t<div class=\"elementor-element elementor-element-5298bcd elementor-widget elementor-widget-image\" data-id=\"5298bcd\" data-element_type=\"widget\" data-widget_type=\"image.default\">\n\t\t\t\t<div class=\"elementor-widget-container\">\n\t\t\t\t\t\t\t\t\t\t\t\t\t\t\t<img decoding=\"async\" width=\"300\" height=\"100\" src=\"https:\/\/www.erbulus.com\/wp-content\/uploads\/2021\/12\/Adsiz-tasarim-1.jpg\" class=\"attachment-medium size-medium wp-image-3771\" alt=\"\" \/>\t\t\t\t\t\t\t\t\t\t\t\t\t\t\t<\/div>\n\t\t\t\t<\/div>\n\t\t\t\t\t<\/div>\n\t\t<\/div>\n\t\t\t\t\t<\/div>\n\t\t<\/section>\n\t\t\t\t<section class=\"elementor-section elementor-top-section elementor-element elementor-element-30679d7 elementor-section-boxed elementor-section-height-default elementor-section-height-default\" data-id=\"30679d7\" data-element_type=\"section\">\n\t\t\t\t\t\t<div class=\"elementor-container elementor-column-gap-default\">\n\t\t\t\t\t<div class=\"elementor-column elementor-col-100 elementor-top-column elementor-element elementor-element-3cf9af5\" data-id=\"3cf9af5\" data-element_type=\"column\">\n\t\t\t<div class=\"elementor-widget-wrap elementor-element-populated\">\n\t\t\t\t\t\t<div class=\"elementor-element elementor-element-cadc46c elementor-widget elementor-widget-text-editor\" data-id=\"cadc46c\" data-element_type=\"widget\" data-widget_type=\"text-editor.default\">\n\t\t\t\t<div class=\"elementor-widget-container\">\n\t\t\t\t\t\t\t\t\t<h5>\u00a0<\/h5><h5 class=\"elementor-heading-title elementor-size-large\">Why choose our Erbulus Evil Eyes?<\/h5><h6>\u00a0<\/h6><h6 class=\"description\"><strong><span class=\"a-text-bold\">High Quality:<\/span>\u00a0<\/strong>All products are sent from Turkey in the center of glass art. It is made of 100% Turkish glass. All of them are prepared with handmade special craftsmanship.<\/h6><h6 class=\"description\"><strong><span class=\"a-text-bold\">Product Variety:<\/span><\/strong>\u00a0We offer you symbols that are known sacred along with the evil eye bead. Like hamsa, elephant, horseshoe product have different meanings. you can diversify your talismans with such symbols.<\/h6><h6 class=\"description\"><strong><span class=\"a-text-bold\">Usage Areas:<\/span><\/strong>\u00a0Perfect ornament to your home, kids room, bedroom, living room, even use it as a wedding, birthday celebration decoration and DIY wall art. Attract and surprise your guests!<\/h6>\t\t\t\t\t\t\t\t<\/div>\n\t\t\t\t<\/div>\n\t\t\t\t\t<\/div>\n\t\t<\/div>\n\t\t\t\t\t<\/div>\n\t\t<\/section>\n\t\t\t\t<section class=\"elementor-section elementor-top-section elementor-element elementor-element-094d560 elementor-section-boxed elementor-section-height-default elementor-section-height-default\" data-id=\"094d560\" data-element_type=\"section\">\n\t\t\t\t\t\t<div class=\"elementor-container elementor-column-gap-default\">\n\t\t\t\t\t<div class=\"elementor-column elementor-col-100 elementor-top-column elementor-element elementor-element-d83029d\" data-id=\"d83029d\" data-element_type=\"column\">\n\t\t\t<div class=\"elementor-widget-wrap elementor-element-populated\">\n\t\t\t\t\t\t<div class=\"elementor-element elementor-element-ebbf8d6 elementor-widget elementor-widget-image\" data-id=\"ebbf8d6\" data-element_type=\"widget\" data-widget_type=\"image.default\">\n\t\t\t\t<div class=\"elementor-widget-container\">\n\t\t\t\t\t\t\t\t\t\t\t\t\t\t\t<img fetchpriority=\"high\" decoding=\"async\" width=\"2560\" height=\"1920\" src=\"https:\/\/www.erbulus.com\/wp-content\/uploads\/2019\/12\/shutterstock_1591109749-scaled.jpg\" class=\"attachment-full size-full wp-image-3750\" alt=\"\" \/>\t\t\t\t\t\t\t\t\t\t\t\t\t\t\t<\/div>\n\t\t\t\t<\/div>\n\t\t\t\t\t<\/div>\n\t\t<\/div>\n\t\t\t\t\t<\/div>\n\t\t<\/section>\n\t\t\t\t<section class=\"elementor-section elementor-top-section elementor-element elementor-element-fd38ec5 elementor-section-boxed elementor-section-height-default elementor-section-height-default\" data-id=\"fd38ec5\" data-element_type=\"section\">\n\t\t\t\t\t\t<div class=\"elementor-container elementor-column-gap-default\">\n\t\t\t\t\t<div class=\"elementor-column elementor-col-100 elementor-top-column elementor-element elementor-element-c299f5c\" data-id=\"c299f5c\" data-element_type=\"column\">\n\t\t\t<div class=\"elementor-widget-wrap elementor-element-populated\">\n\t\t\t\t\t\t<div class=\"elementor-element elementor-element-33046a1 elementor-widget elementor-widget-text-editor\" data-id=\"33046a1\" data-element_type=\"widget\" data-widget_type=\"text-editor.default\">\n\t\t\t\t<div class=\"elementor-widget-container\">\n\t\t\t\t\t\t\t\t\t<h5>\u00a0<\/h5><h5><strong>Protect Yourself from Bad Energies<\/strong><\/h5><h6 class=\"a-spacing-base\">Find peace by making sure that your home is protected from bad energy. The figure of the evil eye are recognized in many cultures, and they are believed to have protection over you, your home, and your loved ones. Protective evil eye beads with different colours, size and designs can be used according to your taste and they spiritually will help you feel good. You can use it as a decorative accessory in any corner of your home and spread good energies throughout your home. You can use this symbol in your home as a talisman, amulet or protector and as a wall hanger decoration, wall decoration, and decorative accessory. The evil eye beads produced from glass accumulate bad energy inside itself and are believed to break after a certain period of time. So all the bad energy vanishes. So your family, loved ones and home will be protected.<\/h6>\t\t\t\t\t\t\t\t<\/div>\n\t\t\t\t<\/div>\n\t\t\t\t\t<\/div>\n\t\t<\/div>\n\t\t\t\t\t<\/div>\n\t\t<\/section>\n\t\t\t\t<section class=\"elementor-section elementor-top-section elementor-element elementor-element-4a616cc elementor-section-boxed elementor-section-height-default elementor-section-height-default\" data-id=\"4a616cc\" data-element_type=\"section\">\n\t\t\t\t\t\t<div class=\"elementor-container elementor-column-gap-default\">\n\t\t\t\t\t<div class=\"elementor-column elementor-col-33 elementor-top-column elementor-element elementor-element-2ccba0a\" data-id=\"2ccba0a\" data-element_type=\"column\">\n\t\t\t<div class=\"elementor-widget-wrap elementor-element-populated\">\n\t\t\t\t\t\t<div class=\"elementor-element elementor-element-fbdfc89 elementor-widget elementor-widget-image\" data-id=\"fbdfc89\" data-element_type=\"widget\" data-widget_type=\"image.default\">\n\t\t\t\t<div class=\"elementor-widget-container\">\n\t\t\t\t\t\t\t\t\t\t\t\t\t\t\t<img decoding=\"async\" width=\"660\" height=\"660\" src=\"https:\/\/www.erbulus.com\/wp-content\/uploads\/2021\/12\/shutterstock_6240798266-1.jpg\" class=\"attachment-large size-large wp-image-3791\" alt=\"\" \/>\t\t\t\t\t\t\t\t\t\t\t\t\t\t\t<\/div>\n\t\t\t\t<\/div>\n\t\t\t\t\t<\/div>\n\t\t<\/div>\n\t\t\t\t<div class=\"elementor-column elementor-col-33 elementor-top-column elementor-element elementor-element-a931879\" data-id=\"a931879\" data-element_type=\"column\">\n\t\t\t<div class=\"elementor-widget-wrap elementor-element-populated\">\n\t\t\t\t\t\t<div class=\"elementor-element elementor-element-217a13b elementor-widget elementor-widget-image\" data-id=\"217a13b\" data-element_type=\"widget\" data-widget_type=\"image.default\">\n\t\t\t\t<div class=\"elementor-widget-container\">\n\t\t\t\t\t\t\t\t\t\t\t\t\t\t\t<img loading=\"lazy\" decoding=\"async\" width=\"660\" height=\"660\" src=\"https:\/\/www.erbulus.com\/wp-content\/uploads\/2019\/12\/shutterstock_1578652879-1.jpg\" class=\"attachment-large size-large wp-image-3809\" alt=\"\" \/>\t\t\t\t\t\t\t\t\t\t\t\t\t\t\t<\/div>\n\t\t\t\t<\/div>\n\t\t\t\t\t<\/div>\n\t\t<\/div>\n\t\t\t\t<div class=\"elementor-column elementor-col-33 elementor-top-column elementor-element elementor-element-57910fa\" data-id=\"57910fa\" data-element_type=\"column\">\n\t\t\t<div class=\"elementor-widget-wrap elementor-element-populated\">\n\t\t\t\t\t\t<div class=\"elementor-element elementor-element-6e34276 elementor-widget elementor-widget-image\" data-id=\"6e34276\" data-element_type=\"widget\" data-widget_type=\"image.default\">\n\t\t\t\t<div class=\"elementor-widget-container\">\n\t\t\t\t\t\t\t\t\t\t\t\t\t\t\t<img loading=\"lazy\" decoding=\"async\" width=\"660\" height=\"660\" src=\"https:\/\/www.erbulus.com\/wp-content\/uploads\/2021\/12\/Adsiz-tasarim-5.jpg\" class=\"attachment-large size-large wp-image-3799\" alt=\"\" \/>\t\t\t\t\t\t\t\t\t\t\t\t\t\t\t<\/div>\n\t\t\t\t<\/div>\n\t\t\t\t\t<\/div>\n\t\t<\/div>\n\t\t\t\t\t<\/div>\n\t\t<\/section>\n\t\t\t\t<section class=\"elementor-section elementor-top-section elementor-element elementor-element-074f9bf elementor-section-boxed elementor-section-height-default elementor-section-height-default\" data-id=\"074f9bf\" data-element_type=\"section\">\n\t\t\t\t\t\t<div class=\"elementor-container elementor-column-gap-default\">\n\t\t\t\t\t<div class=\"elementor-column elementor-col-33 elementor-top-column elementor-element elementor-element-a6ae07e\" data-id=\"a6ae07e\" data-element_type=\"column\">\n\t\t\t<div class=\"elementor-widget-wrap elementor-element-populated\">\n\t\t\t\t\t\t<div class=\"elementor-element elementor-element-822db39 elementor-widget elementor-widget-text-editor\" data-id=\"822db39\" data-element_type=\"widget\" data-widget_type=\"text-editor.default\">\n\t\t\t\t<div class=\"elementor-widget-container\">\n\t\t\t\t\t\t\t\t\t<h5>\u00a0<\/h5><h5 class=\"a-spacing-mini\">Authentic Evil Eye Production<\/h5><h6>Turkish evil eye beads(Nazar Boncugu) are made in furnaces called quarry. Waste glass and coloring materials are placed in special compartments located inside the quarry and it is turned on. As the temperature of the quarry reaches a temperature of about 1000 \u00b0 C, waste glass and coloring matter melts and masters begin to produce. All parts of the product are handcrafted. As the products are all handmade, there is a difference in color shades.<\/h6>\t\t\t\t\t\t\t\t<\/div>\n\t\t\t\t<\/div>\n\t\t\t\t\t<\/div>\n\t\t<\/div>\n\t\t\t\t<div class=\"elementor-column elementor-col-33 elementor-top-column elementor-element elementor-element-de3daaf\" data-id=\"de3daaf\" data-element_type=\"column\">\n\t\t\t<div class=\"elementor-widget-wrap elementor-element-populated\">\n\t\t\t\t\t\t<div class=\"elementor-element elementor-element-b93012a elementor-widget elementor-widget-text-editor\" data-id=\"b93012a\" data-element_type=\"widget\" data-widget_type=\"text-editor.default\">\n\t\t\t\t<div class=\"elementor-widget-container\">\n\t\t\t\t\t\t\t\t\t<h5>\u00a0<\/h5><h5 class=\"a-spacing-mini\">The Power of Energy<\/h5><h6>It has been experimentally proven that harmful electromagnetic waves, called psychokinesis and emitted from the gaze, have an effect on humans and animals. It has been clearly observed that some animals weaken their prey by hypnosis with their eyes, then attack. The same applies to people. Science has now approved this. So, protective amulets are one of the main options for protecting yourself and your loved ones.<\/h6>\t\t\t\t\t\t\t\t<\/div>\n\t\t\t\t<\/div>\n\t\t\t\t\t<\/div>\n\t\t<\/div>\n\t\t\t\t<div class=\"elementor-column elementor-col-33 elementor-top-column elementor-element elementor-element-347ce29\" data-id=\"347ce29\" data-element_type=\"column\">\n\t\t\t<div class=\"elementor-widget-wrap elementor-element-populated\">\n\t\t\t\t\t\t<div class=\"elementor-element elementor-element-1ccf0a4 elementor-widget elementor-widget-text-editor\" data-id=\"1ccf0a4\" data-element_type=\"widget\" data-widget_type=\"text-editor.default\">\n\t\t\t\t<div class=\"elementor-widget-container\">\n\t\t\t\t\t\t\t\t\t<h5>\u00a0<\/h5><h5 class=\"a-spacing-mini\">High Quality Packaging<\/h5><h6>Protection of glass products, in general, requires ultimate care. So the packaging of our products consists of a double layer. In the first one, the product is covered with bubble wrap. Bubble wrap is a great protection for our evil eye products. In the second, different products are placed in specially prepared boxes.<\/h6>\t\t\t\t\t\t\t\t<\/div>\n\t\t\t\t<\/div>\n\t\t\t\t\t<\/div>\n\t\t<\/div>\n\t\t\t\t\t<\/div>\n\t\t<\/section>\n\t\t\t\t<section class=\"elementor-section elementor-top-section elementor-element elementor-element-fc5ce62 elementor-section-boxed elementor-section-height-default elementor-section-height-default\" data-id=\"fc5ce62\" data-element_type=\"section\">\n\t\t\t\t\t\t<div class=\"elementor-container elementor-column-gap-default\">\n\t\t\t\t\t<div class=\"elementor-column elementor-col-33 elementor-top-column elementor-element elementor-element-f648327\" data-id=\"f648327\" data-element_type=\"column\">\n\t\t\t<div class=\"elementor-widget-wrap elementor-element-populated\">\n\t\t\t\t\t\t<div class=\"elementor-element elementor-element-89843d2 elementor-widget elementor-widget-image\" data-id=\"89843d2\" data-element_type=\"widget\" data-widget_type=\"image.default\">\n\t\t\t\t<div class=\"elementor-widget-container\">\n\t\t\t\t\t\t\t\t\t\t\t\t\t\t\t<img loading=\"lazy\" decoding=\"async\" width=\"660\" height=\"660\" src=\"https:\/\/www.erbulus.com\/wp-content\/uploads\/2019\/12\/1-15.jpg\" class=\"attachment-large size-large wp-image-3810\" alt=\"\" \/>\t\t\t\t\t\t\t\t\t\t\t\t\t\t\t<\/div>\n\t\t\t\t<\/div>\n\t\t\t\t\t<\/div>\n\t\t<\/div>\n\t\t\t\t<div class=\"elementor-column elementor-col-33 elementor-top-column elementor-element elementor-element-bc83c76\" data-id=\"bc83c76\" data-element_type=\"column\">\n\t\t\t<div class=\"elementor-widget-wrap elementor-element-populated\">\n\t\t\t\t\t\t<div class=\"elementor-element elementor-element-58e1e09 elementor-widget elementor-widget-image\" data-id=\"58e1e09\" data-element_type=\"widget\" data-widget_type=\"image.default\">\n\t\t\t\t<div class=\"elementor-widget-container\">\n\t\t\t\t\t\t\t\t\t\t\t\t\t\t\t<img loading=\"lazy\" decoding=\"async\" width=\"660\" height=\"660\" src=\"https:\/\/www.erbulus.com\/wp-content\/uploads\/2019\/12\/2-16.jpg\" class=\"attachment-large size-large wp-image-3811\" alt=\"\" \/>\t\t\t\t\t\t\t\t\t\t\t\t\t\t\t<\/div>\n\t\t\t\t<\/div>\n\t\t\t\t\t<\/div>\n\t\t<\/div>\n\t\t\t\t<div class=\"elementor-column elementor-col-33 elementor-top-column elementor-element elementor-element-015e3a9\" data-id=\"015e3a9\" data-element_type=\"column\">\n\t\t\t<div class=\"elementor-widget-wrap elementor-element-populated\">\n\t\t\t\t\t\t<div class=\"elementor-element elementor-element-79d92f5 elementor-widget elementor-widget-image\" data-id=\"79d92f5\" data-element_type=\"widget\" data-widget_type=\"image.default\">\n\t\t\t\t<div class=\"elementor-widget-container\">\n\t\t\t\t\t\t\t\t\t\t\t\t\t\t\t<img loading=\"lazy\" decoding=\"async\" width=\"660\" height=\"660\" src=\"https:\/\/www.erbulus.com\/wp-content\/uploads\/2019\/12\/3-16.jpg\" class=\"attachment-large size-large wp-image-3812\" alt=\"\" \/>\t\t\t\t\t\t\t\t\t\t\t\t\t\t\t<\/div>\n\t\t\t\t<\/div>\n\t\t\t\t\t<\/div>\n\t\t<\/div>\n\t\t\t\t\t<\/div>\n\t\t<\/section>\n\t\t\t\t<section class=\"elementor-section elementor-top-section elementor-element elementor-element-6d805da elementor-section-boxed elementor-section-height-default elementor-section-height-default\" data-id=\"6d805da\" data-element_type=\"section\">\n\t\t\t\t\t\t<div class=\"elementor-container elementor-column-gap-default\">\n\t\t\t\t\t<div class=\"elementor-column elementor-col-33 elementor-top-column elementor-element elementor-element-50389e7\" data-id=\"50389e7\" data-element_type=\"column\">\n\t\t\t<div class=\"elementor-widget-wrap elementor-element-populated\">\n\t\t\t\t\t\t<div class=\"elementor-element elementor-element-5a28aef elementor-widget elementor-widget-text-editor\" data-id=\"5a28aef\" data-element_type=\"widget\" data-widget_type=\"text-editor.default\">\n\t\t\t\t<div class=\"elementor-widget-container\">\n\t\t\t\t\t\t\t\t\t<h5>\u00a0<\/h5><h5 class=\"a-spacing-mini\">Decor Your Office<\/h5><h6>You can treat your loved ones with Evil Eye Bead and protect your from such negative people. Share joy and good wishes with your loved ones on your most special day.<\/h6>\t\t\t\t\t\t\t\t<\/div>\n\t\t\t\t<\/div>\n\t\t\t\t\t<\/div>\n\t\t<\/div>\n\t\t\t\t<div class=\"elementor-column elementor-col-33 elementor-top-column elementor-element elementor-element-b7607b1\" data-id=\"b7607b1\" data-element_type=\"column\">\n\t\t\t<div class=\"elementor-widget-wrap elementor-element-populated\">\n\t\t\t\t\t\t<div class=\"elementor-element elementor-element-378cbc2 elementor-widget elementor-widget-text-editor\" data-id=\"378cbc2\" data-element_type=\"widget\" data-widget_type=\"text-editor.default\">\n\t\t\t\t<div class=\"elementor-widget-container\">\n\t\t\t\t\t\t\t\t\t<h5>\u00a0<\/h5><h5 class=\"a-spacing-mini\">Home Decoration and Great Gifts<\/h5><h6>Perfect for decorating the wall or gift for yourself, your family, friends.<\/h6>\t\t\t\t\t\t\t\t<\/div>\n\t\t\t\t<\/div>\n\t\t\t\t\t<\/div>\n\t\t<\/div>\n\t\t\t\t<div class=\"elementor-column elementor-col-33 elementor-top-column elementor-element elementor-element-025a4bc\" data-id=\"025a4bc\" data-element_type=\"column\">\n\t\t\t<div class=\"elementor-widget-wrap elementor-element-populated\">\n\t\t\t\t\t\t<div class=\"elementor-element elementor-element-660b2e1 elementor-widget elementor-widget-text-editor\" data-id=\"660b2e1\" data-element_type=\"widget\" data-widget_type=\"text-editor.default\">\n\t\t\t\t<div class=\"elementor-widget-container\">\n\t\t\t\t\t\t\t\t\t<h5>\u00a0<\/h5><h5 class=\"a-spacing-mini\">Souvenir of Turkey and Greece<\/h5><h6>Many people in Turkey, as well as in Greece, put these charms by the doors. Peace and smile should never be missing in your home.<\/h6>\t\t\t\t\t\t\t\t<\/div>\n\t\t\t\t<\/div>\n\t\t\t\t\t<\/div>\n\t\t<\/div>\n\t\t\t\t\t<\/div>\n\t\t<\/section>\n\t\t\t\t<\/div>\n\t\t","protected":false},"excerpt":{"rendered":"<p><span class=\"a-list-item\">\u2022 Evil Eye Idea: Evil eye bead, which is known as a protection in Turkish and Greek culture, protects you from bad energy. The evil eye beads produced from glass accumulate bad energy inside itself and are believed to break after a certain period of time.<\/span><\/p>\n<p><span class=\"a-list-item\">\u2022 Material: The product is produced from glass. Made in Turkey.<\/span><\/p>\n<p><span class=\"a-list-item\"><span style=\"vertical-align: inherit;\"><span style=\"vertical-align: inherit;\">\u2022 Tasar\u0131m: \u00dcr\u00fcn b\u00fcy\u00fck cam nazar boncu\u011fu ve ipten tasarlanm\u0131\u015ft\u0131r. <\/span><span style=\"vertical-align: inherit;\">Her \u00fcr\u00fcn el yap\u0131m\u0131 oldu\u011fu i\u00e7in farkl\u0131 \u00fcr\u00fcnler aras\u0131nda biraz ton ve desen fark\u0131 olabilir. <\/span><span style=\"vertical-align: inherit;\">\u00dcr\u00fcn\u00fcm\u00fcz\u00fcn her biri benzersiz oldu\u011fu i\u00e7in nazar da ortada de\u011fildir.<\/span><\/span><\/span><\/p>\n<p><span class=\"a-list-item\"><span style=\"vertical-align: inherit;\"><span style=\"vertical-align: inherit;\">\u2022 M\u00fckemmel Hediye: Sevdiklerinize nazar kolyesi ve t\u0131ls\u0131m s\u00fcs\u00fc. <\/span><span style=\"vertical-align: inherit;\">D\u0131\u015f mekan, i\u00e7 kap\u0131, ofis, ev dekorasyonu i\u00e7in duvara asma dekorasyon, muska, nimet, parti dekorasyonu ve koruma olarak da kullanabilirsiniz.<\/span><\/span><\/span><\/p>\n","protected":false},"featured_media":3465,"comment_status":"open","ping_status":"closed","template":"","meta":[],"product_brand":[],"product_cat":[109],"product_tag":[93,95,94,90],"class_list":{"0":"post-3221","1":"product","2":"type-product","3":"status-publish","4":"has-post-thumbnail","6":"product_cat-classics","7":"product_tag-blue-evil-eye","8":"product_tag-evil-eye-bulk","9":"product_tag-nazar-boncuk","10":"product_tag-wall-hanging","13":"instock","14":"featured","15":"shipping-taxable","16":"purchasable","17":"product-type-variable","18":"has-default-attributes"},"_links":{"self":[{"href":"https:\/\/www.erbulus.com\/index.php?rest_route=\/wp\/v2\/product\/3221","targetHints":{"allow":["GET"]}}],"collection":[{"href":"https:\/\/www.erbulus.com\/index.php?rest_route=\/wp\/v2\/product"}],"about":[{"href":"https:\/\/www.erbulus.com\/index.php?rest_route=\/wp\/v2\/types\/product"}],"replies":[{"embeddable":true,"href":"https:\/\/www.erbulus.com\/index.php?rest_route=%2Fwp%2Fv2%2Fcomments&post=3221"}],"version-history":[{"count":15,"href":"https:\/\/www.erbulus.com\/index.php?rest_route=\/wp\/v2\/product\/3221\/revisions"}],"predecessor-version":[{"id":3856,"href":"https:\/\/www.erbulus.com\/index.php?rest_route=\/wp\/v2\/product\/3221\/revisions\/3856"}],"wp:featuredmedia":[{"embeddable":true,"href":"https:\/\/www.erbulus.com\/index.php?rest_route=\/wp\/v2\/media\/3465"}],"wp:attachment":[{"href":"https:\/\/www.erbulus.com\/index.php?rest_route=%2Fwp%2Fv2%2Fmedia&parent=3221"}],"wp:term":[{"taxonomy":"product_brand","embeddable":true,"href":"https:\/\/www.erbulus.com\/index.php?rest_route=%2Fwp%2Fv2%2Fproduct_brand&post=3221"},{"taxonomy":"product_cat","embeddable":true,"href":"https:\/\/www.erbulus.com\/index.php?rest_route=%2Fwp%2Fv2%2Fproduct_cat&post=3221"},{"taxonomy":"product_tag","embeddable":true,"href":"https:\/\/www.erbulus.com\/index.php?rest_route=%2Fwp%2Fv2%2Fproduct_tag&post=3221"}],"curies":[{"name":"wp","href":"https:\/\/api.w.org\/{rel}","templated":true}]}}